me factors of 235689399?
3, 11, 71, 11177
What are the prime factors of 116939736?
2, 3, 17, 95539
What are the prime factors of 654978937?
397, 911, 1811
What are the prime factors of 1066161765?
3, 5, 31, 1061, 2161
List the prime factors of 236429848.
2, 131, 225601
What are the prime factors of 724462324?
2, 19, 47, 202817
What are the prime factors of 1873591533?
3, 11, 37, 170497
List the prime factors of 44778113.
44778113
What are the prime factors of 21467217?
3, 151, 47389
What are the prime factors of 3226786940?
2, 5, 13, 1049, 11831
What are the prime factors of 77701135?
5, 17, 914131
List the prime factors of 844579352.
2, 4877, 21647
List the prime factors of 5659316030.
2, 5, 233, 2428891
What are the prime factors of 10996302?
2, 3, 59, 31063
What are the prime factors of 7065343490?
2, 5, 3643, 193943
What are the prime factors of 3387817756?
2, 61, 229, 60631
List the prime factors of 112378166.
2, 227, 247529
List the prime factors of 232225718.
2, 116112859
What are the prime factors of 183235100?
2, 5, 37, 49523
What are the prime factors of 12544524?
2, 3, 41, 2833
What are the prime factors of 2444310354?
2, 3, 17, 37, 107, 6053
List the prime factors of 6682931848.
2, 1223, 683047
What are the prime factors of 2332536598?
2, 7, 7643, 21799
What are the prime factors of 508943013?
3, 169647671
List the prime factors of 1167980641.
23, 50781767
What are the prime factors of 774152973?
3, 11, 71, 241, 457
What are the prime factors of 1605820897?
5417, 296441
What are the prime factors of 274765754?
2, 137382877
List the prime factors of 622447383.
3, 3911, 53051
List the prime factors of 28332307.
2339, 12113
List the prime factors of 93717089.
71, 89, 14831
What are the prime factors of 89769730?
2, 5, 2663, 3371
What are the prime factors of 119510397?
3, 257, 5741
List the prime factors of 44582066.
2, 22291033
List the prime factors of 17036414.
2, 17, 83, 6037
List the prime factors of 675990522.
2, 3, 29, 47963
What are the prime factors of 89646007?
11, 379, 21503
What are the prime factors of 826456349?
113, 7313773
What are the prime factors of 932167213?
29, 32143697
What are the prime factors of 7144300?
2, 5, 71443
What are the prime factors of 86471602?
2, 7, 1093, 5651
List the prime factors of 258803980.
2, 5, 73, 103, 1721
What are the prime factors of 19888849?
47, 263, 1609
What are the prime factors of 222719791?
7, 31817113
What are the prime factors of 57456822?
2, 3, 9576137
List the prime factors of 245941950.
2, 3, 5, 1639613
What are the prime factors of 40475201?
13, 131, 23767
List the prime factors of 584703940.
2, 5, 239, 122323
What are the prime factors of 133115047?
13, 211, 3733
What are the prime factors of 880373809?
7, 125767687
List the prime factors of 722794769.
991, 729359
List the prime factors of 600532258.
2, 300266129
What are the prime factors of 755728337?
7, 13, 8304707
List the prime factors of 23101349.
577, 40037
What are the prime factors of 90172122?
2, 3, 15028687
What are the prime factors of 177401819?
7, 25343117
What are the prime factors of 51859786?
2, 11, 2357263
List the prime factors of 1356942698.
2, 197, 3444017
What are the prime factors of 68693388?
2, 3, 1289, 4441
What are the prime factors of 387569861?
7, 7909589
What are the prime factors of 442082618?
2, 7817, 28277
What are the prime factors of 17129248?
2, 139, 3851
What are the prime factors of 129325062?
2, 3, 21554177
List the prime factors of 2808660206.
2, 11, 127666373
List the prime factors of 275896317.
3, 91965439
What are the prime factors of 46726964?
2, 11681741
What are the prime factors of 58567135?
5, 11, 227, 4691
What are the prime factors of 819704673?
3, 91078297
What are the prime factors of 174884837?
1097, 159421
What are the prime factors of 977331157?
11, 23, 351179
What are the prime factors of 48294765?
3, 5, 357739
What are the prime factors of 4288170628?
2, 7, 373, 410587
What are the prime factors of 226898091?
3, 7, 133391
List the prime factors of 30920271.
3, 37, 278561
What are the prime factors of 58940030?
2, 5, 23, 61, 4201
List the prime factors of 286582488.
2, 3, 2311, 5167
List the prime factors of 74295247.
13, 251, 22769
What are the prime factors of 5859400820?
2, 5, 7, 13, 223, 14437
What are the prime factors of 36151756?
2, 19, 475681
What are the prime factors of 850802746?
2, 53, 61, 131581
List the prime factors of 18995266.
2, 677, 14029
List the prime factors of 1949462974.
2, 353, 2761279
What are the prime factors of 119249962?
2, 13, 1259, 3643
What are the prime factors of 322527823?
1489, 216607
What are the prime factors of 4091938721?
13, 1499, 209983
What are the prime factors of 1041641087?
1041641087
List the prime factors of 71435618.
2, 35717809
What are the prime factors of 31264575?
3, 5, 139, 2999
List the prime factors of 9598587.
3, 563, 5683
What are the prime factors of 1033104159?
3, 38263117
List the prime factors of 3403540899.
3, 11, 34379201
What are the prime factors of 904034409?
3, 53, 71, 73, 1097
List the prime factors of 64315034.
2, 7, 4593931
List the prime factors of 41266142.
2, 20633071
List the prime factors of 770742792.
2, 3, 823, 13007
What are the prime factors of 294191208?
2, 3, 43, 167, 569
List the prime factors of 2069621630.
2, 5, 601, 344363
List the prime factors of 2887776.
2, 3, 37, 271
What are the prime factors of 221724637?
97, 2285821
What are the prime factors of 19549633?
53, 347, 1063
What are the prime factors of 1613500601?
1613500601
What are the prime factors of 110960025?
3, 5, 11, 12227
What are the prime factors of 16993740?
2, 3, 5, 107, 2647
What are the prime factors of 420625070?
2, 5, 2063, 20389
What are the prime factors of 270253733?
270253733
List the prime factors of 4311926412.
2, 3, 359327201
What are the prime factors of 74549473?
47, 487, 3257
What are the prime factors of 2361978924?
2, 3, 196831577
List the prime factors of 764105908.
2, 23, 8305499
What are the prime factors of 1695334429?
107, 1583, 10009
List the prime factors of 17801343.
3, 7, 97, 971
What are the prime factors of 314371015?
5, 7, 23, 47, 1187
What are the prime factors of 2319476391?
3, 739, 38749
List the prime factors of 55488419.
7, 31, 37, 6911
What are the prime factors of 4425833849?
1237, 3577877
What are the prime factors of 101531379?
3, 33843793
What are the prime factors of 5068786565?
5, 1013757313
List the prime factors of 107044774.
2, 37, 1446551
What are the prime factors of 1281004159?
23, 1931, 28843
What are the prime factors of 62563485?
3, 5, 17, 19, 37, 349
List the prime factors of 835322264.
2, 7, 29, 514361
What are the prime factors of 225582099?
3, 67, 127, 8837
List the prime factors of 8533801.
29, 294269
What are the prime factors of 579169226?
2, 17, 17034389
What are the prime factors of 962019095?
5, 192403819
What are the prime factors of 3216277?
3216277
List the prime factors of 3947277131.
7, 53, 10639561
What are the prime factors of 328778639?
7, 577, 81401
List the prime factors of 18789838.
2, 101, 167, 557
What are the prime factors of 59350959?
3, 71, 293, 317
What are the prime factors of 2312984513?
7, 19, 17390861
What are the prime factors of 327142420?
2, 5, 11, 103, 14437
List the prime factors of 1406950.
2, 5, 19, 1481
What are the prime factors of 168023370?
2, 3, 5, 73, 1051
What are the prime factors of 1261004741?
19051, 66191
List the prime factors of 25053046.
2, 269, 46567
List the prime factors of 197873926.
2, 349, 283487
List the prime factors of 171675092.
2, 43, 998111
What are the prime factors of 96351876?
2, 3, 23, 79, 491
List the prime factors of 626525531.
17, 31, 241, 4933
List the prime factors of 48471045.
3, 5, 7, 9421
List the prime factors of 1202297499.
3, 13, 37, 30859
What are the prime factors of 39487785?
3, 5, 227, 11597
What are the prime factors of 203643571?
43, 83, 57059
List the prime factors of 726317573.
829, 876137
What are the prime factors of 405893012?
2, 7, 2017, 7187
What are the prime factors of 35529720?
2, 3, 5, 31, 9551
What are the prime factors of 3900708282?
2, 3, 650118047
List the prime factors of 4753365211.
7, 43, 15791911
What are the prime factors of 42474224?
2, 13, 37, 5519
List the 